r of w and 30.
15
Let u be 8/(-2) - -6*1. What is the highest common divisor of 22 and u?
2
Let b = -95 - -103. Calculate the highest common divisor of 8 and b.
8
Suppose 0*s + 2*s = 72. Let w(i) = -8*i**3 - i. Let k = -5 - -4. Let n be w(k). What is the highest common factor of s and n?
9
Suppose 0 = -7*m + 105. What is the greatest common factor of 120 and m?
15
Let a be 1 - 33/3*-4. Let t be -1 + (20 - 2) + 1. What is the highest common divisor of a and t?
9
Let x(g) = 3*g**3 + 2*g. Let a be x(2). Let l = a + 8. Calculate the highest common factor of l and 9.
9
Let y be (-4 - -5)*(1 - -19). Suppose 4 = -4*g + y. Suppose -2 - g = -l. Calculate the greatest common divisor of 42 and l.
6
Let j be 8 - (-1 + 3) - 2. Suppose -r - 3 = 2*l, -4*r + j = -4*l - 32. Calculate the greatest common divisor of r and 35.
5
Let l(b) = -5*b + 4. Let h be l(-4). What is the highest common divisor of h and 12?
12
Let n = 0 + 15. Suppose 3*o - 4*i = 26, -2*i = -0*i + 4. What is the highest common divisor of n and o?
3
Let z = 148 + -67. Calculate the highest common divisor of 9 and z.
9
Let j = 9 - 13. Let w = j + 8. What is the greatest common factor of 10 and w?
2
Let u be (2/(-5))/(2/(-140)). Let t = 30 - 63. Let m = t + 103. What is the highest common factor of m and u?
14
Suppose 77 = 2*f + 21. What is the greatest common factor of f and 308?
28
Let s be 10/4*240/50. Calculate the greatest common divisor of s and 24.
12
Suppose 17 = q - j, 3*q - 2*q - 5*j = 33. Suppose -5*f - 15 = 0, -4*k - f = -507 + 42. What is the greatest common factor of q and k?
13
Let c = 9 + -4. Let q(z) be the third derivative of -11*z**4/12 + z**3/6 + 3*z**2. Let i be q(-2). Calculate the greatest common divisor of c and i.
5
Let m be 12/((2/17)/1). Suppose 8*f = 3*f + 85. Calculate the greatest common factor of f and m.
17
Let g(v) = -v + 3. Suppose -3*n - 2*n - 55 = 5*k, -5*n + 5*k - 45 = 0. Let l be g(n). What is the greatest common factor of l and 13?
13
Suppose -33 = -3*a + 231. Let p = -10 - -25. Suppose 2*u - p = u + 4*c, -5*c + 28 = 3*u. Calculate the greatest common factor of a and u.
11
Let f = 52 - 14. Calculate the greatest common divisor of f and 76.
38
Suppose -x - 8*b + 36 = -3*b, 0 = 4*x + 4*b - 96. Calculate the greatest common divisor of 147 and x.
21
Let h = 18 + -43. Let p = -17 - h. Let i be (5*11)/(4/p). What is the greatest common factor of 10 and i?
10
Suppose -21 + 9 = -2*h. Let v be (-3 + (-27)/(-6))*h. Calculate the highest common divisor of 9 and v.
9
Let a(b) = -b**3 + 4*b**2 + 5*b + 3. Let d be a(5). What is the greatest common factor of 27 and d?
3
Let l(j) = j**3 + 3*j**2 - 3*j - 3. Let d be l(2). What is the highest common factor of 1 and d?
1
Let x(q) = q**2 - q + 2. Let o be x(5). Suppose -m + o = 6. What is the greatest common divisor of 2 and m?
2
Suppose 7*c - 125 = 2*c. Suppose 0 = -2*p + 6*p - 20. What is the highest common factor of p and c?
5
Let n = -20 + 43. Calculate the greatest common divisor of n and 23.
23
Suppose z - 2 + 1 = 0. Let t be 16 + 0/(-1 - z). Let n = 9 - 5. Calculate the greatest common factor of n and t.
4
Suppose 41 + 9 = 5*i. What is the greatest common divisor of 10 and i?
10
Let i(l) = l**3 + 6*l**2 - 4*l - 1. Suppose 3*c - 6 = -24. Let d be i(c). What is the greatest common factor of d and 253?
23
Let u = -4 - -7. Let r = -1 + u. Suppose -r*b - 3*b = -260. What is the highest common factor of 13 and b?
13
Let d(g) = 13*g - 24. Let m be d(8). Let u = 6 + 4. Calculate the greatest common factor of m and u.
10
Suppose 5*i + 84 = z + 3*i, 2*z + 2*i = 186. Suppose -4*h = 8 + 12, 5*m - 3*h - z = 0. What is the highest common factor of m and 30?
15
Suppose 0*r - 3*r = 0. Suppose 2*b + r*b - 32 = 0. Calculate the highest common factor of b and 4.
4
Let y(v) = 12*v - 4. Let i be y(6). Let f be 2/(-8) + i/16. Suppose 3*d + f = 19. What is the highest common divisor of d and 25?
5
Let g be -1*(1 - 3) + 15. Let n = 22 - 5. What is the greatest common factor of g and n?
17
Let w be ((-6)/4)/(4/40). Let p = -5 - w. Let l = p - -3. What is the highest common divisor of l and 13?
13
Let b be (8/3)/(14/21). Calculate the greatest common divisor of b and 1.
1
Let a = 8 + -9. Let h be (a/(-3))/((-2)/(-24)). Suppose 2*b - k = 35, 3*k - 76 = -h*b - k. Calculate the highest common divisor of b and 36.
18
Suppose -5*p - 60 = -8*p. Suppose -134 - 266 = -5*w. What is the highest common divisor of p and w?
20
Let q = 148 + -29. What is the greatest common factor of 17 and q?
17
Let s(z) = z - 8. Let y be s(8). Suppose -2*b + 2 = -y*b. Let q = -6 + 10. Calculate the highest common factor of q and b.
1
Let f be (-14)/(-3)*(-60)/(-14). What is the greatest common divisor of 10 and f?
10
Suppose 4*l + 1 = -23. Let r be 15*((-10)/l - 0). Calculate the greatest common factor of 5 and r.
5
Suppose -4*b = 2 - 10, -2*p + 4*b = -6. Calculate the greatest common factor of p and 77.
7
Suppose -3*y + 49 = -2*b, -3*y = 5*b - 59 + 24. Let d(i) = -23*i - 3. Let x be d(-6). Calculate the greatest common divisor of y and x.
15
Let l be -4*(-40)/32*6/5. What is the greatest common factor of 150 and l?
6
Let l = -16 - -25. What is the highest common divisor of 12 and l?
3
Let p(g) = g**2 + 15*g + 20. Let a be p(-14). What is the greatest common divisor of 6 and a?
6
Let j(c) = c**2 + 8*c - 11. Let v be j(8). What is the highest common divisor of 13 and v?
13
Let c(p) = p**2 + 7*p - 4. Let l be c(-8). Suppose -3*o + g + 39 = 4*g, g - 43 = -l*o. What is the highest common factor of o and 25?
5
Suppose -4*j + 3*b + 240 = -231, 0 = -4*j - b + 483. Let x(q) = q**3 - 6*q**2 + 3*q + 6. Let z be x(6). Calculate the highest common factor of z and j.
24
Suppose 4*n = -r + 5, 2*r + 0*n = 3*n - 1. What is the greatest common factor of 2 and r?
1
Let k be 37/3 - 1/3. Let a(w) = w**3 + 3*w**2 - 3*w + 4. Let f be a(-4). Suppose 4*v + v - 600 = f. Calculate the highest common factor of k and v.
12
Let c be 3 - (-2)/(3 - 1). Let m(d) = -d**3 + 8*d**2 - 10*d - 1. Let j be m(7). Let r = 42 + j. What is the greatest common factor of c and r?
4
Suppose -4*m + 502 + 77 = 3*i, 2*i - 387 = -3*m. What is the greatest common factor of i and 27?
27
Suppose -6*m = -0*m - 6048. Let j be 4/(-7) - m/(-49). Calculate the greatest common divisor of 5 and j.
5
Suppose 1057 = 14*s - 3409. What is the greatest common divisor of s and 11?
11
Let l(p) = 3*p**3 - p**2 - 2*p. Let j be l(2). Let w = j - 7. Calculate the highest common factor of w and 81.
9
Let k be 1*3/6*0. Suppose -3*o + 5*c + 8 = 0, -5*c - 4 = -4*o - k. Let w be (o/(-10))/(1/5). What is the greatest common factor of w and 2?
2
Let c(k) = k**2 + 2*k + 5. Let n be c(-3). Calculate the highest common divisor of 64 and n.
8
Suppose 5*t - 370 = -5*n, -2*n + 70 = t - 83. Let h = -35 - n. Let s = h + 190. Calculate the greatest common divisor of 19 and s.
19
Let f be (-64)/20 - 1/(-5). Let n = 5 + f. What is the greatest common factor of 20 and n?
2
Let f be 15 + -16 + (1 - -22). What is the greatest common factor of f and 55?
11
Suppose 0 = 3*a - 9, -5*w - 6 = 3*a - 105. What is the greatest common factor of w and 45?
9
Let n = 1 + -5. Let f = n - -7. Let r be 20/f*9 - 0. What is the highest common factor of r and 12?
12
Suppose 2*t = z + 5*t + 29, 3*z + 87 = t. Let c = z - -61. Calculate the greatest common divisor of c and 8.
8
Let c = -649 - -273. Let t = -532 - c. Let o be (t/(-10))/(21/70). What is the highest common factor of o and 13?
13
Suppose 5*v - 4*n - 124 = v, n - 105 = -3*v. What is the greatest common factor of v and 17?
17
Suppose -6*y = -11*y + 50. Let s be (-2)/(-3) - (-39)/9. What is the highest common factor of y and s?
5
Let c = 112 + -28. Calculate the highest common divisor of 126 and c.
42
Suppose -2*y + 12 = 2*y. Suppose 0 = -t + y*f + 14 - 2, t + 20 = -5*f. Suppose t*a - 2*a = -24. Calculate the greatest common factor of 12 and a.
12
Let c(w) = w**3 - 3*w + 3. Let s be c(2). Suppose -b + s*b = 56. Let n be 276/b + (-10)/(-35). What is the greatest common factor of 5 and n?
5
Suppose -3*l + 0*l + 167 = g, 3*l - 677 = -4*g. Calculate the highest common divisor of g and 34.
34
Let a = -1 - -6. Suppose 0 = h - p - 24, 0 = 2*h - 0*h + a*p - 20. Suppose 242 = 4*t - b + 79, -4*t + 157 = b. What is the greatest com